{"id":169,"date":"2021-12-23T12:30:20","date_gmt":"2021-12-23T15:30:20","guid":{"rendered":"https:\/\/demosites.royal-elementor-addons.com\/nature-v1\/?page_id=169"},"modified":"2024-04-11T20:46:39","modified_gmt":"2024-04-11T23:46:39","slug":"totem1","status":"publish","type":"page","link":"https:\/\/museucaminhosdelund.com.br\/index.php\/totem1\/","title":{"rendered":"Totem 1"},"content":{"rendered":"<style>\/*! elementor - v3.14.0 - 26-06-2023 *\/\n.elementor-heading-title{padding:0;margin:0;line-height:1}.elementor-widget-heading .elementor-heading-title[class*=elementor-size-]>a{color:inherit;font-size:inherit;line-height:inherit}.elementor-widget-heading .elementor-heading-title.elementor-size-small{font-size:15px}.elementor-widget-heading .elementor-heading-title.elementor-size-medium{font-size:19px}.elementor-widget-heading .elementor-heading-title.elementor-size-large{font-size:29px}.elementor-widget-heading .elementor-heading-title.elementor-size-xl{font-size:39px}.elementor-widget-heading .elementor-heading-title.elementor-size-xxl{font-size:59px}<\/style>\n<h2>Totem 1<\/h2>\n<p>\t\t<iframe loading=\"lazy\" title=\"V\u00eddeo MTCL # Totem 01 -  Igreja Matriz e outros\" width=\"960\" height=\"540\" src=\"https:\/\/www.youtube.com\/embed\/cGRMDyWOq50?feature=oembed\" frameborder=\"0\" allow=\"accelerometer; autoplay; clipboard-write; encrypted-media; gyroscope; picture-in-picture; web-share\" allowfullscreen><\/iframe>\t\t<\/p>\n<h2>Veja o v\u00eddeo<\/h2>\n<p>Por meio dele, voc\u00ea compreender\u00e1 de forma mais evidente o motivo deste conjunto da pra\u00e7a ser t\u00e3o significativo para a hist\u00f3ria e a cultura de Lagoa Santa.<\/p>\n<style>\/*! elementor - v3.14.0 - 26-06-2023 *\/\n.elementor-widget-google_maps .elementor-widget-container{overflow:hidden}.elementor-widget-google_maps .elementor-custom-embed{line-height:0}.elementor-widget-google_maps iframe{height:300px}<\/style>\n<p>\t\t\t<iframe loading=\"lazy\"\n\t\t\t\t\tsrc=\"https:\/\/maps.google.com\/maps?q=Pra%C3%A7a%20Doutor%20Lund%2C%20160%20Centro%20%E2%80%93%20Lagoa%20Santa%2FMG&#038;t=m&#038;z=15&#038;output=embed&#038;iwloc=near\"\n\t\t\t\t\ttitle=\"Pra\u00e7a Doutor Lund, 160 Centro \u2013 Lagoa Santa\/MG\"\n\t\t\t\t\taria-label=\"Pra\u00e7a Doutor Lund, 160 Centro \u2013 Lagoa Santa\/MG\"\n\t\t\t><\/iframe><\/p>\n<h2>Localiza\u00e7\u00e3o<\/h2>\n<p>Pra\u00e7a Doutor Lund, 160<br \/>Centro \u2013 Lagoa Santa\/MG \u2013 CEP 33.320-103<\/p>\n<style>\/*! elementor - v3.14.0 - 26-06-2023 *\/\n.elementor-widget-image{text-align:center}.elementor-widget-image a{display:inline-block}.elementor-widget-image a img[src$=\".svg\"]{width:48px}.elementor-widget-image img{vertical-align:middle;display:inline-block}<\/style>\n<p>\t\t\t\t\t\t\t\t\t\t\t\t<img decoding=\"async\" width=\"377\" height=\"548\" src=\"https:\/\/museucaminhosdelund.com.br\/wp-content\/uploads\/2023\/08\/02-Tot1-Ig-NSSaude.png\" alt=\"\" loading=\"lazy\" \/>\t\t\t\t\t\t\t\t\t\t\t\t\t\t\t<\/p>\n<h2>Igreja N. S. da Sa\u00fade<\/h2>\n<p>A Igreja Matriz de Nossa Senhora da Sa\u00fade foi constru\u00edda em meados do s\u00e9culo XVIII devido \u00e0 fama das curas milagrosas das \u00e1guas da Lagoa Grande. Em 1765, tornou-se uma igreja maior. Foi consagrada em 1819, tornando-se matriz em 1823, e realiza festividades em honra \u00e0 padroeira anualmente em agosto. A constru\u00e7\u00e3o original foi demolida na d\u00e9cada de 1960 e reconstru\u00edda em estilo modernista, tal como se v\u00ea hoje na pra\u00e7a.<\/p>\n<p>\t\t\t<a href=\"https:\/\/museucaminhosdelund.com.br\/baixar\/MTCL-Acv01_comp.pdf\" target=\"_blank\" rel=\"noopener\"><br \/>\n\t\t\t\t\t\tSaiba Mais<br \/>\n\t\t\t\t\t<\/a><br \/>\n\t\t\t\t<iframe loading=\"lazy\" width=\"960\" height=\"200\" frameborder=\"no\" src=\"https:\/\/w.soundcloud.com\/player\/?visual=false&#038;url=https%3A%2F%2Fapi.soundcloud.com%2Ftracks%2F1578512522&#038;show_artwork=false&#038;maxheight=1000&#038;maxwidth=960&#038;secret_token=s-nhejY4JRPs9&#038;auto_play=false&#038;buying=false&#038;liking=true&#038;download=false&#038;sharing=true&#038;show_comments=false&#038;show_playcount=true&#038;show_user=false&#038;color=025B74\"><\/iframe>\t\t\t<\/p>\n<h2>Ou\u00e7a o \u00e1udio<\/h2>\n<p>\t\t\t\t\t\t\t\t\t\t\t\t\t\t\t<img decoding=\"async\" width=\"377\" height=\"548\" src=\"https:\/\/museucaminhosdelund.com.br\/wp-content\/uploads\/2023\/08\/03-Tot1-Praca.png\" alt=\"\" loading=\"lazy\" \/>\t\t\t\t\t\t\t\t\t\t\t\t\t\t\t<\/p>\n<h2>Pra\u00e7a Doutor Lund<\/h2>\n<p>A pra\u00e7a Doutor Lund, pr\u00f3xima \u00e0 matriz de Nossa Senhora da Sa\u00fade, \u00e9 um s\u00edmbolo do desenvolvimento da cidade em torno de um espa\u00e7o religioso. Ela se tornou um local central para a comunidade, abrigando festividades e manifesta\u00e7\u00f5es culturais e pol\u00edticas. Ao longo dos anos, passou por transforma\u00e7\u00f5es urbanas e testemunhou eventos importantes da cidade. Revitalizado em 2022, continua sendo um local de mem\u00f3ria significativo.<\/p>\n<p>\t\t\t<a href=\"https:\/\/museucaminhosdelund.com.br\/baixar\/MTCL-Acv02_comp.pdf\" target=\"_blank\" rel=\"noopener\"><br \/>\n\t\t\t\t\t\tSaiba Mais<br \/>\n\t\t\t\t\t<\/a><br \/>\n\t\t\t\t<iframe loading=\"lazy\" width=\"960\" height=\"200\" frameborder=\"no\" src=\"https:\/\/w.soundcloud.com\/player\/?visual=false&#038;url=https%3A%2F%2Fapi.soundcloud.com%2Ftracks%2F1578516423&#038;show_artwork=false&#038;maxheight=1000&#038;maxwidth=960&#038;secret_token=s-NNaLpcpFBDb&#038;auto_play=false&#038;buying=false&#038;liking=true&#038;download=false&#038;sharing=true&#038;show_comments=false&#038;show_playcount=true&#038;show_user=false&#038;color=025B74\"><\/iframe>\t\t\t<\/p>\n<h2>Ou\u00e7a o \u00e1udio<\/h2>\n<p>\t\t\t\t\t\t\t\t\t\t\t\t\t\t\t<img decoding=\"async\" width=\"377\" height=\"548\" src=\"https:\/\/museucaminhosdelund.com.br\/wp-content\/uploads\/2023\/07\/Navegue-pelo-site.png\" alt=\"\" loading=\"lazy\" \/><br \/>\n\t\t\t\t\t\t\t\t\t\t\t\t\t\t\t<img decoding=\"async\" width=\"377\" height=\"548\" src=\"https:\/\/museucaminhosdelund.com.br\/wp-content\/uploads\/2023\/08\/04-Tot1-Sobrado.png\" alt=\"\" loading=\"lazy\" \/>\t\t\t\t\t\t\t\t\t\t\t\t\t\t\t<\/p>\n<h2>Sobrado Mamaca<\/h2>\n<p>O Sobrado de Mamaca, localizado na Pra\u00e7a Doutor Lund, \u00e9 um casar\u00e3o colonial com janelas azuis, uma das poucas constru\u00e7\u00f5es remanescentes da \u00e9poca de Peter Lund. Foi resid\u00eancia de Mamaca e sua m\u00e3e, Dona Sinh\u00e1, importantes fazendeiros da regi\u00e3o.\u00a0 Em 1999, Mamaca faleceu, mas o sobrado permaneceu na fam\u00edlia e ainda \u00e9 utilizado para fins comerciais pelos descendentes. Tombado em 2005, o sobrado mant\u00e9m sua impon\u00eancia hist\u00f3rica.<\/p>\n<p>\t\t\t<a href=\"https:\/\/museucaminhosdelund.com.br\/baixar\/MTCL-Acv03_comp.pdf\" target=\"_blank\" rel=\"noopener\"><br \/>\n\t\t\t\t\t\tSaiba Mais<br \/>\n\t\t\t\t\t<\/a><br \/>\n\t\t\t\t<iframe loading=\"lazy\" width=\"960\" height=\"200\" frameborder=\"no\" src=\"https:\/\/w.soundcloud.com\/player\/?visual=false&#038;url=https%3A%2F%2Fapi.soundcloud.com%2Ftracks%2F1578518134&#038;show_artwork=false&#038;maxheight=1000&#038;maxwidth=960&#038;secret_token=s-gIp3nybrLGT&#038;auto_play=false&#038;buying=false&#038;liking=true&#038;download=false&#038;sharing=true&#038;show_comments=false&#038;show_playcount=true&#038;show_user=false&#038;color=025B74\"><\/iframe>\t\t\t<\/p>\n<h2>Ou\u00e7a o \u00e1udio<\/h2>\n<p>\t\t\t\t\t\t\t\t\t\t\t\t\t\t\t<img decoding=\"async\" width=\"377\" height=\"548\" src=\"https:\/\/museucaminhosdelund.com.br\/wp-content\/uploads\/2023\/07\/Tot-1.2-EM-Dr_edit.jpg\" alt=\"\" loading=\"lazy\" \/>\t\t\t\t\t\t\t\t\t\t\t\t\t\t\t<\/p>\n<h2>Escola Municipal Dr. Lund<\/h2>\n<p>A antiga casa que abrigou o cientista Peter Lund em Lagoa Santa, hoje a Escola Municipal Doutor Lund, foi sua resid\u00eancia durante d\u00e9cadas enquanto pesquisava cavernas na regi\u00e3o. Lund viveu l\u00e1 entre 1836 e 1880, adaptando-a e seu quintal para suas necessidades de trabalho e estudos. Ap\u00f3s sua morte, ela foi vendida por seu filho adotivo e, em 1914, foi doada ao munic\u00edpio e tornou-se uma escola, resgatando sua import\u00e2ncia hist\u00f3rica e cultural.<\/p>\n<p>\t\t\t<a href=\"https:\/\/museucaminhosdelund.com.br\/baixar\/MTCL-Acv04_comp.pdf\" target=\"_blank\" rel=\"noopener\"><br \/>\n\t\t\t\t\t\tSaiba Mais<br \/>\n\t\t\t\t\t<\/a><br \/>\n\t\t\t\t<iframe loading=\"lazy\" width=\"960\" height=\"200\" frameborder=\"no\" src=\"https:\/\/w.soundcloud.com\/player\/?visual=false&#038;url=https%3A%2F%2Fapi.soundcloud.com%2Ftracks%2F1578520154&#038;show_artwork=false&#038;maxheight=1000&#038;maxwidth=960&#038;secret_token=s-cxiayrrNw6p&#038;auto_play=false&#038;buying=false&#038;liking=true&#038;download=false&#038;sharing=true&#038;show_comments=false&#038;show_playcount=true&#038;show_user=false&#038;color=025B74\"><\/iframe>\t\t\t<\/p>\n<h2>Ou\u00e7a o \u00e1udio<\/h2>\n<p>\t\t\t\t\t\t\t\t\t\t\t\t\t\t\t<img decoding=\"async\" width=\"377\" height=\"548\" src=\"https:\/\/museucaminhosdelund.com.br\/wp-content\/uploads\/2023\/07\/Navegue-pelo-site-1.png\" alt=\"\" loading=\"lazy\" \/><\/p>\n","protected":false},"excerpt":{"rendered":"<p>Totem 1 Veja o v\u00eddeo Por meio dele, voc\u00ea compreender\u00e1 de forma mais evidente o motivo deste conjunto da pra\u00e7a ser t\u00e3o significativo para a hist\u00f3ria e a cultura de Lagoa Santa. Localiza\u00e7\u00e3o Pra\u00e7a Doutor Lund, 160Centro \u2013 Lagoa Santa\/MG \u2013 CEP 33.320-103 Igreja N. S. da Sa\u00fade A Igreja Matriz de Nossa Senhora da [&hellip;]<\/p>\n","protected":false},"author":1,"featured_media":0,"parent":0,"menu_order":0,"comment_status":"closed","ping_status":"closed","template":"elementor_canvas","meta":{"footnotes":""},"_links":{"self":[{"href":"https:\/\/museucaminhosdelund.com.br\/index.php\/wp-json\/wp\/v2\/pages\/169"}],"collection":[{"href":"https:\/\/museucaminhosdelund.com.br\/index.php\/wp-json\/wp\/v2\/pages"}],"about":[{"href":"https:\/\/museucaminhosdelund.com.br\/index.php\/wp-json\/wp\/v2\/types\/page"}],"author":[{"embeddable":true,"href":"https:\/\/museucaminhosdelund.com.br\/index.php\/wp-json\/wp\/v2\/users\/1"}],"replies":[{"embeddable":true,"href":"https:\/\/museucaminhosdelund.com.br\/index.php\/wp-json\/wp\/v2\/comments?post=169"}],"version-history":[{"count":139,"href":"https:\/\/museucaminhosdelund.com.br\/index.php\/wp-json\/wp\/v2\/pages\/169\/revisions"}],"predecessor-version":[{"id":3409,"href":"https:\/\/museucaminhosdelund.com.br\/index.php\/wp-json\/wp\/v2\/pages\/169\/revisions\/3409"}],"wp:attachment":[{"href":"https:\/\/museucaminhosdelund.com.br\/index.php\/wp-json\/wp\/v2\/media?parent=169"}],"curies":[{"name":"wp","href":"https:\/\/api.w.org\/{rel}","templated":true}]}}