{"id":2447,"date":"2023-07-29T19:36:38","date_gmt":"2023-07-29T22:36:38","guid":{"rendered":"https:\/\/museucaminhosdelund.com.br\/?page_id=2447"},"modified":"2023-08-02T20:23:29","modified_gmt":"2023-08-02T23:23:29","slug":"baixar","status":"publish","type":"page","link":"https:\/\/museucaminhosdelund.com.br\/index.php\/baixar\/","title":{"rendered":"Baixar"},"content":{"rendered":"<style>\/*! elementor - v3.14.0 - 26-06-2023 *\/\n.elementor-heading-title{padding:0;margin:0;line-height:1}.elementor-widget-heading .elementor-heading-title[class*=elementor-size-]>a{color:inherit;font-size:inherit;line-height:inherit}.elementor-widget-heading .elementor-heading-title.elementor-size-small{font-size:15px}.elementor-widget-heading .elementor-heading-title.elementor-size-medium{font-size:19px}.elementor-widget-heading .elementor-heading-title.elementor-size-large{font-size:29px}.elementor-widget-heading .elementor-heading-title.elementor-size-xl{font-size:39px}.elementor-widget-heading .elementor-heading-title.elementor-size-xxl{font-size:59px}<\/style>\n<h2>Baixar<\/h2>\n<h2>Para baixar<\/h2>\n<style>\/*! elementor - v3.14.0 - 26-06-2023 *\/\n.elementor-widget-divider{--divider-border-style:none;--divider-border-width:1px;--divider-color:#0c0d0e;--divider-icon-size:20px;--divider-element-spacing:10px;--divider-pattern-height:24px;--divider-pattern-size:20px;--divider-pattern-url:none;--divider-pattern-repeat:repeat-x}.elementor-widget-divider .elementor-divider{display:flex}.elementor-widget-divider .elementor-divider__text{font-size:15px;line-height:1;max-width:95%}.elementor-widget-divider .elementor-divider__element{margin:0 var(--divider-element-spacing);flex-shrink:0}.elementor-widget-divider .elementor-icon{font-size:var(--divider-icon-size)}.elementor-widget-divider .elementor-divider-separator{display:flex;margin:0;direction:ltr}.elementor-widget-divider--view-line_icon .elementor-divider-separator,.elementor-widget-divider--view-line_text .elementor-divider-separator{align-items:center}.elementor-widget-divider--view-line_icon .elementor-divider-separator:after,.elementor-widget-divider--view-line_icon .elementor-divider-separator:before,.elementor-widget-divider--view-line_text .elementor-divider-separator:after,.elementor-widget-divider--view-line_text .elementor-divider-separator:before{display:block;content:\"\";border-bottom:0;flex-grow:1;border-top:var(--divider-border-width) var(--divider-border-style) var(--divider-color)}.elementor-widget-divider--element-align-left .elementor-divider .elementor-divider-separator>.elementor-divider__svg:first-of-type{flex-grow:0;flex-shrink:100}.elementor-widget-divider--element-align-left .elementor-divider-separator:before{content:none}.elementor-widget-divider--element-align-left .elementor-divider__element{margin-left:0}.elementor-widget-divider--element-align-right .elementor-divider .elementor-divider-separator>.elementor-divider__svg:last-of-type{flex-grow:0;flex-shrink:100}.elementor-widget-divider--element-align-right .elementor-divider-separator:after{content:none}.elementor-widget-divider--element-align-right .elementor-divider__element{margin-right:0}.elementor-widget-divider:not(.elementor-widget-divider--view-line_text):not(.elementor-widget-divider--view-line_icon) .elementor-divider-separator{border-top:var(--divider-border-width) var(--divider-border-style) var(--divider-color)}.elementor-widget-divider--separator-type-pattern{--divider-border-style:none}.elementor-widget-divider--separator-type-pattern.elementor-widget-divider--view-line .elementor-divider-separator,.elementor-widget-divider--separator-type-pattern:not(.elementor-widget-divider--view-line) .elementor-divider-separator:after,.elementor-widget-divider--separator-type-pattern:not(.elementor-widget-divider--view-line) .elementor-divider-separator:before,.elementor-widget-divider--separator-type-pattern:not([class*=elementor-widget-divider--view]) .elementor-divider-separator{width:100%;min-height:var(--divider-pattern-height);-webkit-mask-size:var(--divider-pattern-size) 100%;mask-size:var(--divider-pattern-size) 100%;-webkit-mask-repeat:var(--divider-pattern-repeat);mask-repeat:var(--divider-pattern-repeat);background-color:var(--divider-color);-webkit-mask-image:var(--divider-pattern-url);mask-image:var(--divider-pattern-url)}.elementor-widget-divider--no-spacing{--divider-pattern-size:auto}.elementor-widget-divider--bg-round{--divider-pattern-repeat:round}.rtl .elementor-widget-divider .elementor-divider__text{direction:rtl}.e-con-inner>.elementor-widget-divider,.e-con>.elementor-widget-divider{width:var(--container-widget-width,100%);--flex-grow:var(--container-widget-flex-grow)}<\/style>\n<p>Visualize, baixe ou acesse por aqui as publica\u00e7\u00f5es produzidas pela equipe do Museu Territ\u00f3rio ou nossas indica\u00e7\u00f5es de material informativo, educativo e acad\u00eamico elaborado por terceiros.\u00a0<\/p>\n<p>Queremos que voc\u00ea amplie ao m\u00e1ximo o seu conhecimento sobre os nossos lugares de mem\u00f3ria. E tamb\u00e9m sobre rica tem\u00e1tica que envolve a vida e a obra de Peter Lund, as ci\u00eancias naturais, a hist\u00f3ria, a cultura e os aspectos tur\u00edsticos ligados a Lagoa Santa e regi\u00e3o.<\/p>\n<style>\/*! elementor - v3.14.0 - 26-06-2023 *\/\n.elementor-widget-image{text-align:center}.elementor-widget-image a{display:inline-block}.elementor-widget-image a img[src$=\".svg\"]{width:48px}.elementor-widget-image img{vertical-align:middle;display:inline-block}<\/style>\n<figure>\n\t\t\t\t\t\t\t\t\t\t<img decoding=\"async\" width=\"335\" height=\"493\" src=\"https:\/\/museucaminhosdelund.com.br\/wp-content\/uploads\/2023\/08\/Imag-Baixar-01.png\" alt=\"\" loading=\"lazy\" \/><figcaption>Livros diversos<\/figcaption><\/figure>\n<figure>\n\t\t\t\t\t\t\t\t\t\t<img decoding=\"async\" width=\"643\" height=\"517\" src=\"https:\/\/museucaminhosdelund.com.br\/wp-content\/uploads\/2023\/08\/Img-Baixar-04.png\" alt=\"\" loading=\"lazy\" \/><figcaption>Produtos do Museu<\/figcaption><\/figure>\n<figure>\n\t\t\t\t\t\t\t\t\t\t<img decoding=\"async\" width=\"547\" height=\"547\" src=\"https:\/\/museucaminhosdelund.com.br\/wp-content\/uploads\/2023\/08\/Imag-Baixar-02.png\" alt=\"\" loading=\"lazy\" srcset=\"https:\/\/museucaminhosdelund.com.br\/wp-content\/uploads\/2023\/08\/Imag-Baixar-02.png 547w, https:\/\/museucaminhosdelund.com.br\/wp-content\/uploads\/2023\/08\/Imag-Baixar-02-300x300.png 300w, https:\/\/museucaminhosdelund.com.br\/wp-content\/uploads\/2023\/08\/Imag-Baixar-02-150x150.png 150w\" sizes=\"(max-width: 547px) 100vw, 547px\" \/><figcaption>Livros infantis<\/figcaption><\/figure>\n<figure>\n\t\t\t\t\t\t\t\t\t\t<img decoding=\"async\" width=\"960\" height=\"963\" src=\"https:\/\/museucaminhosdelund.com.br\/wp-content\/uploads\/2023\/08\/Img-Baixar-03-1021x1024.png\" alt=\"\" loading=\"lazy\" srcset=\"https:\/\/museucaminhosdelund.com.br\/wp-content\/uploads\/2023\/08\/Img-Baixar-03-1021x1024.png 1021w, https:\/\/museucaminhosdelund.com.br\/wp-content\/uploads\/2023\/08\/Img-Baixar-03-300x300.png 300w, https:\/\/museucaminhosdelund.com.br\/wp-content\/uploads\/2023\/08\/Img-Baixar-03-150x150.png 150w\" sizes=\"(max-width: 960px) 100vw, 960px\" \/><figcaption>Livros did\u00e1ticos<\/figcaption><\/figure>\n<h2>Publica\u00e7\u00f5es pr\u00f3prias<\/h2>\n<p>\t\t\t\t\t\t\t\t\t\t\t\t\t\t\t<img decoding=\"async\" width=\"170\" height=\"227\" src=\"https:\/\/museucaminhosdelund.com.br\/wp-content\/uploads\/2023\/07\/Capa-Ebook-MTCL-fn.png\" alt=\"\" loading=\"lazy\" \/><br \/>\n\t\t\t<a href=\"https:\/\/museucaminhosdelund.com.br\/baixar\/MTCL-E-book00_comp.pdf\" target=\"_blank\" rel=\"noopener\"><br \/>\n\t\t\t\t\t\tBaixar<br \/>\n\t\t\t\t\t<\/a><\/p>\n<p>Lugares de Mem\u00f3ria do Museu Territ\u00f3rio Caminhos de Lund<\/p>\n<p>Autor: Ana Paula Marchesotti<\/p>\n<p>Formato: E-book<\/p>\n<p>Fonte: Equipe MTCL<\/p>\n<h2>Publica\u00e7\u00f5es externas<\/h2>\n<p>\t\t\t\t\t\t\t\t\t\t\t\t\t\t\t<img decoding=\"async\" width=\"170\" height=\"227\" src=\"https:\/\/museucaminhosdelund.com.br\/wp-content\/uploads\/2023\/07\/Capa-Livro-Anibal-fn.png\" alt=\"\" loading=\"lazy\" \/><br \/>\n\t\t\t<a href=\"https:\/\/museucaminhosdelund.com.br\/baixar\/Livro%20-%20Peter%20Wilhelm%20Lund%20no%20Brasil_comp.pdf\" target=\"_blank\" rel=\"noopener\"><br \/>\n\t\t\t\t\t\tBaixar<br \/>\n\t\t\t\t\t<\/a><\/p>\n<p>Peter Wilhelm Lund no Brasil: problemas de paleontologia brasileira\u00a0<\/p>\n<p>Autor: Anibal Mattos<\/p>\n<p>Formato: Livro<\/p>\n<p>Fonte:\u00a0 http:\/\/bdor.sibi.ufrj.br\/<br \/>handle\/doc\/232<\/p>\n<p>\t\t\t\t\t\t\t\t\t\t\t\t\t\t\t<img decoding=\"async\" width=\"170\" height=\"227\" src=\"https:\/\/museucaminhosdelund.com.br\/wp-content\/uploads\/2023\/07\/Capa-dissert-Bianca-fn.png\" alt=\"\" loading=\"lazy\" \/><br \/>\n\t\t\t<a href=\"https:\/\/museucaminhosdelund.com.br\/baixar\/Disserta%C3%A7%C3%A3o%20-%20As%20descobertas%20de%20Peter%20Lund..._comp.pdf\" target=\"_blank\" rel=\"noopener\"><br \/>\n\t\t\t\t\t\tBaixar<br \/>\n\t\t\t\t\t<\/a><\/p>\n<p>As descobertas de Peter Lund e as contribui\u00e7\u00f5es de seu legado cient\u00edfico para a arqueologia mineira\u00a0<\/p>\n<p>Autor: Bianca Rezende God\u00f3i<\/p>\n<p>Formato: Disserta\u00e7\u00e3o<\/p>\n<p>Fonte: http:\/\/periodicos.puc<br \/>minas.br\/index.php\/re<br \/>vistaich\/article\/view\/2<br \/>1611\u00a0<\/p>\n<p>\t\t\t\t\t\t\t\t\t\t\t\t\t\t\t<img decoding=\"async\" width=\"170\" height=\"227\" src=\"https:\/\/museucaminhosdelund.com.br\/wp-content\/uploads\/2023\/08\/Capa-Tese-Pedro-fn_edit.jpg\" alt=\"\" loading=\"lazy\" \/><br \/>\n\t\t\t<a href=\"https:\/\/museucaminhosdelund.com.br\/baixar\/Tese%20-%20Peter%20Wilhelm%20Lund%20-%20o%20auge%20das%20suas%20investiga%C3%A7%C3%B5es%20cient%C3%ADficas..._comp.pdf\" target=\"_blank\" rel=\"noopener\"><br \/>\n\t\t\t\t\t\tBaixar<br \/>\n\t\t\t\t\t<\/a><\/p>\n<p>Peter Wilhel Lund: o auge das suas investiga\u00e7\u00f5es cient\u00edficas e a raz\u00e3o para o t\u00e9rmino das pesquisas\u00a0<\/p>\n<p>Autor: Pedro Ernesto de Luna Filho<\/p>\n<p>Formato: Tese de doutorado<\/p>\n<p>Fonte:<br \/>https:\/\/www.teses.usp.<br \/>br\/teses\/disponiveis\/8<br \/>\/8138\/tde-09102007-<br \/>142632\/pt-br.php<\/p>\n<p>\t\t\t\t\t\t\t\t\t\t\t\t\t\t\t<img decoding=\"async\" width=\"170\" height=\"227\" src=\"https:\/\/museucaminhosdelund.com.br\/wp-content\/uploads\/2023\/07\/Capa-livro-infant-fn.png\" alt=\"\" loading=\"lazy\" \/><br \/>\n\t\t\t<a href=\"https:\/\/museucaminhosdelund.com.br\/baixar\/Quadrinhos%20-Cientistas%20incr%C3%ADveis%2C%20descobertas%20sensacionais%20-%20Peter%20Lund_comp.pdf\" target=\"_blank\" rel=\"noopener\"><br \/>\n\t\t\t\t\t\tBaixar<br \/>\n\t\t\t\t\t<\/a><\/p>\n<p>Cient\u00edstas\u00a0 incr\u00edveis, descobertas sensacionais \u2013 Peter Lund e a paleontologia brasileira<\/p>\n<p>Autor: Adriana Moura<\/p>\n<p>Formato: livro em quadrinhos\u00a0<\/p>\n<p>Fonte: https:\/\/educacaointeg<br \/>ral.org.br\/wp-content\/<br \/>uploads\/2014\/03\/livro<br \/>-10-Lund1.pdf\u00a0<\/p>\n","protected":false},"excerpt":{"rendered":"<p>Baixar Para baixar Visualize, baixe ou acesse por aqui as publica\u00e7\u00f5es produzidas pela equipe do Museu Territ\u00f3rio ou nossas indica\u00e7\u00f5es de material informativo, educativo e acad\u00eamico elaborado por terceiros.\u00a0 Queremos que voc\u00ea amplie ao m\u00e1ximo o seu conhecimento sobre os nossos lugares de mem\u00f3ria. E tamb\u00e9m sobre rica tem\u00e1tica que envolve a vida e a [&hellip;]<\/p>\n","protected":false},"author":1,"featured_media":0,"parent":0,"menu_order":0,"comment_status":"closed","ping_status":"closed","template":"elementor_canvas","meta":{"footnotes":""},"_links":{"self":[{"href":"https:\/\/museucaminhosdelund.com.br\/index.php\/wp-json\/wp\/v2\/pages\/2447"}],"collection":[{"href":"https:\/\/museucaminhosdelund.com.br\/index.php\/wp-json\/wp\/v2\/pages"}],"about":[{"href":"https:\/\/museucaminhosdelund.com.br\/index.php\/wp-json\/wp\/v2\/types\/page"}],"author":[{"embeddable":true,"href":"https:\/\/museucaminhosdelund.com.br\/index.php\/wp-json\/wp\/v2\/users\/1"}],"replies":[{"embeddable":true,"href":"https:\/\/museucaminhosdelund.com.br\/index.php\/wp-json\/wp\/v2\/comments?post=2447"}],"version-history":[{"count":133,"href":"https:\/\/museucaminhosdelund.com.br\/index.php\/wp-json\/wp\/v2\/pages\/2447\/revisions"}],"predecessor-version":[{"id":2917,"href":"https:\/\/museucaminhosdelund.com.br\/index.php\/wp-json\/wp\/v2\/pages\/2447\/revisions\/2917"}],"wp:attachment":[{"href":"https:\/\/museucaminhosdelund.com.br\/index.php\/wp-json\/wp\/v2\/media?parent=2447"}],"curies":[{"name":"wp","href":"https:\/\/api.w.org\/{rel}","templated":true}]}}